emainder when z(n) is divided by 14?
11
Suppose -3 = 4*f - 5*p, 3*p = 3*f - 0*f. What is the remainder when 7 is divided by f?
1
Let h = -115 - -184. Let k = 48 - -11. Suppose -k - 37 = -4*m. What is the remainder when h is divided by m?
21
Let s = 18 + 16. Let g(c) = c**3 - 4*c**2 - 5*c - 1. Let z be g(5). Let q = 13 + z. What is the remainder when s is divided by q?
10
Let a(u) = -3*u - 4. Let h be a(0). Calculate the remainder when (-10)/20 + (-1)/(h/178) is divided by 17.
10
Let g(b) = -b**2 - 9*b - 1. Let j be g(-8). Suppose -j*h + 550 = 3*h. What is the remainder when h is divided by 15?
10
Suppose -2*a = -4*o - 134, o + 40 - 9 = -2*a. Let b = o - -9. Let q = 34 + b. Calculate the remainder when q is divided by 4.
2
Suppose 2*y + 327 + 181 = 3*m, 0 = -m + 2*y + 172. What is the remainder when m is divided by 34?
32
Suppose 3*g + 5 + 1 = 0. Let u be g/((3 + 1)/128). Calculate the remainder when -1 + 0 - u - -2 is divided by 22.
21
Let i = 1259 - 1065. What is the remainder when i is divided by 54?
32
Let o = 4 + 13. Let v(a) = -a**2 - 17*a - 5. What is the remainder when v(-8) is divided by o?
16
Suppose -5*a - 13 = -43. What is the remainder when (4650/(-55))/(-5) + -5*4/(-220) is divided by a?
5
Suppose -3*c = -5*b - 2*c + 40, -4*b = -3*c - 43. Suppose 5 = w - b. What is the remainder when w is divided by 8?
4
Suppose -x + y + 15 = -0*y, -5*y = -25. Calculate the remainder when x is divided by ((-3)/6)/((-2)/44).
9
Suppose 2 + 3 = s. Suppose s*g - 220 - 25 = 0. Calculate the remainder when g is divided by 25.
24
Suppose 0 = 7*h - 1134 + 833. Calculate the remainder when h is divided by 17.
9
Let r = -584 - -697. What is the remainder when 441 is divided by r?
102
Suppose 11*v + 73 - 128 = 0. Let h be (0/1)/1 - -3. Suppose 26 = v*i - h*s, -4*s = i + 3*i - 8. What is the remainder when 9 is divided by i?
1
Let s(r) = 43*r - 6. Let g be s(4). Suppose -4*x + 5*t = -g, 3*x = -x - t + 154. What is the remainder when x is divided by 2079/147 + 2/(-14)?
11
Suppose -3*i + 193 = -2*d, 2*i - 6*i - 3*d = -280. Calculate the remainder when 171 is divided by i.
37
Suppose 18*d + 19*d = 2442. Calculate the remainder when d is divided by 51.
15
Suppose -3*y + 0*y = -78. Let f(w) = 7*w - 6. Let c be f(7). Let q = c - y. Calculate the remainder when 49 is divided by q.
15
Suppose 0 = -68*o + 71*o + 192. Let q = o - -77. Suppose -6*v + 141 = -3*v. Calculate the remainder when v is divided by q.
8
Suppose -3*h + 316 = h. Suppose -k + 17 = -h. Suppose -20*z + k = -16*z. What is the remainder when z is divided by 9?
6
Suppose 27*g = 24*g + 99. Suppose -h + g = 2*h. Let i(p) = -5*p - 1. What is the remainder when h is divided by i(-1)?
3
Suppose 80*b + 3520 = 90*b. Calculate the remainder when b is divided by 28.
16
Let s(c) = -c**2 + 7*c + 4. Let d(n) = -2*n + 11. Let u be d(3). What is the remainder when 13*3 + (2 - 1) is divided by s(u)?
12
Let v = -134 + 257. Calculate the remainder when v is divided by -4 + 31 + 2/(-1).
23
Suppose 0 = -22*a + 3*a + 2831. What is the remainder when a is divided by 25?
24
Suppose 4*s - 5*x + 2*x = -119, 4*s = 2*x - 118. Let m = s - -86. What is the remainder when m is divided by 10?
7
Suppose m = 2*u + 26, 66 = 5*m - u - 19. What is the remainder when -58*4/m*-2 is divided by 8?
5
Suppose 4*j = 3*c - 25 - 54, -3*c + 84 = -3*j. What is the remainder when c is divided by 6?
3
Let k(j) = j**3 - 2*j**2 + j + 4. What is the remainder when k(2) is divided by -4*(-1)/4*2?
0
Let q = -9 + 16. Calculate the remainder when 109 is divided by q/(-14) - (-75)/2.
35
Suppose v - 5*r = -15, 4*v = 2*r - 3 - 3. Suppose -8*q + 168 = -v*q. Calculate the remainder when 57 is divided by q.
15
Suppose -4*z + 3*z = -3*n + 9, 0 = -3*z. Suppose n*v + 7 - 25 = 0. Suppose 5*f - 75 = -25. Calculate the remainder when f is divided by v.
4
Let n be (1 + -2)*-11*3. Let q be n/(-9) + 1/(-3). Let d(p) = p**3 + 3*p**2 - 6*p - 4. Calculate the remainder when 10 is divided by d(q).
2
Calculate the remainder when 41 is divided by (-67)/(-3) + (-44)/(-66) - 1.
19
Let c = -60 - -71. What is the remainder when c is divided by 4?
3
Suppose 0 = -2*c + 4*b + 14, -5*b = 5 + 5. Suppose -4*j = -4*g - 82 - 114, 3*g = -c. What is the remainder when j is divided by 13?
9
Let y be (4/(-8) - -2)/((-9)/(-30)). Calculate the remainder when (-12 + -3)/y - -180 is divided by 45.
42
Let a(d) = -2*d**2 - 43*d - 150. Suppose -74 - 22 = -4*k. What is the remainder when a(-15) is divided by k?
21
Let w(i) = -i**3 + 7*i**2 + 8. Let x(r) = -r**2. Let c be x(0). Suppose -3*m + m + 14 = c. Calculate the remainder when 29 is divided by w(m).
5
Calculate the remainder when 140 is divided by 1/2 + 616/16.
23
Let n(f) = 8*f - 21. Suppose -5*v = -10*v + 35. Calculate the remainder when 69 is divided by n(v).
34
Suppose s - 5*t - 62 - 98 = 0, 4*t - 4 = 0. Calculate the remainder when s is divided by 24.
21
Calculate the remainder when (1 - -5) + 67 + 0 is divided by 15.
13
Let a(b) = -b**3 + 11*b**2 + 12*b - 5. Let h be a(12). Let v = 7 + h. Suppose 4*f - 26 = -v. Calculate the remainder when f is divided by 2.
0
Suppose -10*u + 676 = -914. What is the remainder when u is divided by 8?
7
Suppose -16 = -4*d + v, 0 = -v - 0*v - 4. Let u(m) = 3*m + 2. Let n(y) = 16*y**2 + 7*y + 4. Calculate the remainder when n(-2) is divided by u(d).
10
Let d(k) = 6*k**2 + 8*k - 1. Calculate the remainder when 166 is divided by d(1).
10
Suppose 4*h = 182 - 38. What is the remainder when 214 is divided by h?
34
Let m(c) = c**2 - 5*c - 6. Let w be m(-1). Suppose 0 = v + 2*g, 5*g + 2 = -2*v - w*g. What is the remainder when 5 is divided by v?
1
Suppose 2*t - 13 = -3*j, t - 4 = -10*j + 6*j. Calculate the remainder when 29 is divided by t.
5
Suppose 4*l = 12 + 16. Let q(y) = 2*y**2 - 12*y - 1. What is the remainder when 38 is divided by q(l)?
12
Let p = 90 - 93. Calculate the remainder when p - (-12)/(2/(-18)*-6) is divided by 5.
0
Suppose 7*v + 2*w - 9 = 2*v, 5*v - w - 18 = 0. Suppose 0 = 4*j - v*o - 375, 3 - 2 = -o. Calculate the remainder when j is divided by 24.
21
Suppose -12*u - 94 = -802. What is the remainder when 208 is divided by u?
31
Suppose -39 = 4*u - 7. Let d = -10 - u. Calculate the remainder when d + 3 + 10 + -2 is divided by 4.
1
Let z = 1259 + -1242. Calculate the remainder when 2362 is divided by z.
16
Let m = 220 - 208. Suppose -p + 4 = -20. Let a = p + -1. What is the remainder when a is divided by m?
11
What is the remainder when 32 - (32/4)/(6/3) is divided by 10?
8
Suppose 5 = c, 5*f = 2*f - 4*c + 113. Let t be (-3493)/(-21) + -1*2/6. Let k = t + -106. Calculate the remainder when k is divided by f.
29
Let r = -303 + 438. Let w(f) = f**3 + 7*f**2 + 2*f - 1. What is the remainder when r is divided by w(-6)?
20
Let b = 831 + -780. What is the remainder when b is divided by (-63)/12*-1*4?
9
Suppose -5*u + 13 = 4*g, u - 23 = 5*g - 3. Suppose 0 = t - 2*p - 59, -7*t + 4*t - u*p = -199. Calculate the remainder when t is divided by 16.
15
Suppose 0 = -6*f + 57 + 219. What is the remainder when 269 is divided by f?
39
Let i(r) = r**3 - 14*r**2 - 7*r - 34. Let o(h) = -h**3 + h**2 + 2*h - 1. Calculate the remainder when i(15) is divided by o(-3).
28
Suppose -77*o + 215 = -72*o. What is the remainder when 165 is divided by o?
36
Suppose 0 = 74*k + k - 1350. Calculate the remainder when 484 is divided by k.
16
Let j = -640 - -710. Calculate the remainder when j is divided by 12.
10
Suppose 0 = 4*t + 75 - 111. Calculate the remainder when 22 is divided by t.
4
Let m(b) = 4*b**2 + 4*b + 3. Suppose -19*p = -7*p - 192. What is the remainder when m(-3) is divided by p?
11
Let n(b) be the second derivative of b**5/20 + b**4/2 + b**3/6 - 3*b**2/2 - 3*b. Let w(l) = -6*l + 5. Calculate the remainder when w(-7) is divided by n(-4).
22
Suppose -3*m + m = -40. Suppose -15*d = -m*d + 40. What is the remainder when 17 is divided by d?
1
Let t be -2 + (83 - 2)*1. Let s = -39 + t. Calculate the remainder when 77 is divided by s.
37
Let f(p) = -25*p + 299. Calculate the remainder when 634 is divided by f(10).
46
Calculate the remainder when 13 is divided by 3/4 - (-85)/20.
3
Let w(i) = 25*i**2 - 14*i + 10. Let u be w(4). Let z = u + -246. Calculate the remainder when z is divided by 22.
20
Let w(z) = 16*z + 276. What